0*z - 8. Suppose -16 = -2*q + z*n + 54, -5*q + 4*n + 151 = 0. List the prime factors of q.
3
Suppose 0 = 3*y - 78 - 21. List the prime factors of y.
3, 11
What are the prime factors of 140/(-3)*6/(-4)?
2, 5, 7
Let y = -260 + 376. What are the prime factors of y?
2, 29
Let q = 12 - -3. Let k = q + -9. What are the prime factors of k?
2, 3
What are the prime factors of (-2)/6 - 451/(-3)?
2, 3, 5
Suppose 21 = 2*k + 5*s, -21 = -4*k + k - 4*s. Suppose 4*i + 5*f = -38 + 134, 4*f - 72 = -k*i. What are the prime factors of i?
2, 3
What are the prime factors of 66 + 1 + (6 - 8)?
5, 13
Let f = 24 - 50. Let m = f + 54. What are the prime factors of m?
2, 7
Let q(c) = -3*c - 3. Suppose 2*z + z + 27 = 0. List the prime factors of q(z).
2, 3
Let t(m) = 2*m**2 + 12*m + 17. List the prime factors of t(-12).
7, 23
Suppose 3*q + 186 = 3*b - 216, -b = -4*q - 140. What are the prime factors of b?
2, 3, 11
Suppose 3*g = 4 + 65. What are the prime factors of g?
23
Suppose 0 = -2*a + 5*i + 12, -a + 2 = -5*i - 4. Suppose -9*w = -a*w - 6. List the prime factors of w.
2
Suppose 0*f - 2 = f. Let z(b) = -b**3 - 6*b**2 - b - 8. Let p be z(-6). List the prime factors of f/((-21)/9 - p).
2, 3
Let i be (-3 - 0) + 4 + 2. Suppose -4*n - 8 = 3*m + 2*m, -n - i*m = 9. Let g = n + 6. What are the prime factors of g?
3
Let z(f) = 53*f**3 + f**2 - 1. What are the prime factors of z(1)?
53
Suppose -3*h + 124 = 2*x, 2*h - 3*x - 74 = -0*x. What are the prime factors of h?
2, 5
Suppose -6*n = -8*n + 110. List the prime factors of n.
5, 11
List the prime factors of (3 - 15/(-10))/((-1)/(-46)).
3, 23
Let t(d) = -d - 10 + d**2 + 0*d - 4*d. List the prime factors of t(8).
2, 7
Suppose w + 0*w - 5*a - 27 = 0, -2*w + 4*a + 30 = 0. List the prime factors of w.
7
Let a = 15 - -19. What are the prime factors of a?
2, 17
Suppose 2*z - 271 = -n, -z - 409 = -4*z - 2*n. List the prime factors of z.
7, 19
Let s(i) = i**2 + 2*i. Let l be s(-3). Suppose 5*y - 13 = -l. List the prime factors of y.
2
Suppose 0 = -3*s - 15, -4*g + 194 + 3 = -5*s. List the prime factors of g.
43
Let k = -1 + 0. Let o be 4*-1*(-28)/8. Let x = o + k. What are the prime factors of x?
13
Suppose 0 = 4*m + 4 + 32. What are the prime factors of (-2)/3 - 87/m?
3
Suppose 4*g - 61 = -9. Suppose 2*j = -5*p + 12 + g, -3*p + 1 = 4*j. What are the prime factors of p?
7
Suppose 3*y + 6 = 12. Suppose -y*h = i - 4*i - 23, -4*i = -h + 19. Let x = h + 2. List the prime factors of x.
3
Let c = 18 + 10. Let w = c + -18. List the prime factors of w.
2, 5
Suppose -2*p - 3*p + 420 = 0. What are the prime factors of p?
2, 3, 7
Let b = 8 + -5. What are the prime factors of b?
3
Suppose -3*r = 2*i - 135, -2*r + 4*i = 2*r - 200. What are the prime factors of r?
47
Let n = -3 + 3. Let u = -3 + n. What are the prime factors of (0 + -1)/(u/6)?
2
Suppose 2 + 2 = -2*b. Let s be 2/1 + b + 3. Suppose s*q - 2*q - 9 = 0. List the prime factors of q.
3
Suppose 0*i + 6 = 3*i, -i - 346 = -3*m. List the prime factors of m.
2, 29
Suppose -3*o - 2*o = -10. Suppose c - 21 = -o*l, -3*l + 4*c + 21 = -5. List the prime factors of l.
2, 5
Let k(s) = 3*s + s - s**2 + 5 + 2*s. Let q be k(6). Suppose -q*v = -14 - 6. List the prime factors of v.
2
Let r(o) = 26*o - 57. What are the prime factors of r(9)?
3, 59
Let i = -6 - -6. Suppose 0 = 2*l - 5*y - 16, i = 3*l + 2*l + 4*y - 40. List the prime factors of l.
2
Let t = 37 + -14. Let j = -11 + t. What are the prime factors of j?
2, 3
Suppose 5*k - u = 4*u + 320, 2*k = 4*u + 130. What are the prime factors of k?
3, 7
Suppose -2*m + 241 = l, -4*m - 5*l = -291 - 206. List the prime factors of m.
2, 59
Let v be 214/8 + 2/8. Let y = v - 18. Suppose 2 + y = t. List the prime factors of t.
11
Suppose 0 = 4*a - 9*a - 20. Let h = a - -14. What are the prime factors of h?
2, 5
What are the prime factors of 3/(-27)*-3*111?
37
Let t(w) = 6*w - 1 - 4 - w**2 + 3 + 2*w**2. What are the prime factors of t(-8)?
2, 7
Let a be 12/18 - 39/(-9). List the prime factors of (-13 - -1)*(2 - a).
2, 3
Let z(s) be the second derivative of 7*s**3/3 + s**2/2 - 3*s. Let q = 2 - 1. List the prime factors of z(q).
3, 5
Suppose c + c + 2 = -i, -c - 7 = 2*i. Let w(k) = -6 + 2 + c - 3*k. What are the prime factors of w(-3)?
2, 3
Let n(c) = -c**3 + 6*c**2 - 2*c + 4. Let z be (12/(-10))/((-15)/50). List the prime factors of n(z).
2, 7
Let x = 4 - 6. What are the prime factors of 12 - (0 + 5 + x)?
3
Suppose -5*p - 16 = -5*a - 1, -4*a - 4 = -2*p. Let x(t) = -t**2 - 10*t - 6. List the prime factors of x(p).
2, 5
Let z(u) = 0*u - u**2 + u - 2 - u**2 - 2*u - u**3. Let y be z(-2). Suppose 41 = 2*b - 3*m, 2*m = 4*b - y*m - 62. List the prime factors of b.
13
Let z(q) = -2*q. Suppose 4*j = -j + 5. Suppose 3*g - j = -10. List the prime factors of z(g).
2, 3
Let b(n) = -3*n - 3. Let z be b(-2). List the prime factors of -1 + (3*6)/z.
5
Let h be 145/7 - (-2)/7. Let n = -29 + h. Let d(i) = -i**2 - 9*i + 3. List the prime factors of d(n).
11
Let m(k) = k**3 - 4*k**2 + 4*k - 1. Let t be m(3). Suppose 0 = 2*s - 2*b - 34, -4*s + 52 = t*b - 10. What are the prime factors of s?
2
Suppose -4*t + 182 = 5*m - 2*m, -5*m + 37 = t. Suppose 3*h = 5*u + 123, -3*h - 3*u = -t - 52. List the prime factors of h.
2, 3
Let b = -84 - -156. List the prime factors of b.
2, 3
Let b(t) = t**3 + 11*t**2 - 7*t - 9. What are the prime factors of b(-11)?
2, 17
Let b = -32 - -73. List the prime factors of b.
41
Let g = 145 - 75. Suppose -28 = 3*o - g. Suppose 2*b = -4*u + 6, 0 = -4*b + b - u + o. List the prime factors of b.
5
Suppose 21 = 2*o - 4*a - 25, 4*o - 56 = -a. What are the prime factors of o?
3, 5
Let u(f) = f**3 + f**2 - f + 4. Let o be u(0). Suppose 0 = o*g - 87 - 49. List the prime factors of g.
2, 17
Let k = 16 + -11. Suppose k*h - 3*r - 15 = 3*h, -2*r - 9 = -h. List the prime factors of 50/h + 2/6.
17
Let z = 8 + -2. Suppose k + 125 = z*k. What are the prime factors of k?
5
Let h(f) = f**3 + 9*f**2 + 8*f. Let i be h(-8). Suppose 22 = x - i*x. List the prime factors of x.
2, 11
Let w be 1*((1 - 0) + -4). Let s(o) = -o**3 - o**2 + o - 1. What are the prime factors of s(w)?
2, 7
Let f be 638/11 + (-2)/1. Suppose 0 = -4*k + f - 4. What are the prime factors of k?
13
Let q be 20/(-3)*3*-1. Suppose 0 = -2*t - 2*t + q. Suppose a - t*a = -36. List the prime factors of a.
3
Let p(l) = 151*l + 4. What are the prime factors of p(1)?
5, 31
Let m = -4 + 4. Suppose -2*s + 4 = -m*s. What are the prime factors of s/4 - (-18)/4?
5
Let d(c) = -c**3 - 2*c**2 - 8*c - 10. List the prime factors of d(-4).
2, 3
List the prime factors of -2 - (3/6 + (-490)/4).
2, 3, 5
Let p(c) = 2*c**3 - 12*c**2 + 5*c - 4. What are the prime factors of p(7)?
3, 43
Suppose -4 = 2*z - 10. Suppose z*j + 3*q - 9 = 0, 0 = 5*j + q - 2*q - 21. What are the prime factors of (j/10)/(1/30)?
2, 3
Let i(n) = n**2 + n - 22. Let m be i(0). Let a(t) = -31*t + 1. Let k be a(-1). Let g = m + k. What are the prime factors of g?
2, 5
Let r be -15*2/12*-2. Suppose 0*i + i = r. What are the prime factors of i?
5
Suppose 0 = -4*d - 20, -3*d - 15 - 20 = -4*s. Suppose -3*v + 4*l = -2*v - 9, -57 = -4*v - s*l. What are the prime factors of v?
13
Suppose -5*o = -4*c - 73, -1 = -2*o + 9. Let f = -34 + 56. Let u = f + c. What are the prime factors of u?
2, 5
Suppose -y = p + 7 - 5, 0 = -3*y + 2*p + 14. Let x = y + 11. What are the prime factors of x?
13
Let d(y) = y**2 - 6*y + 6. Let w be d(6). What are the prime factors of w*1*11/22?
3
Let u = -3 + 7. Let l be ((-29)/u)/(1/4). Let d = l - -41. What are the prime factors of d?
2, 3
Suppose 0*k + 10 = 5*k. Suppose 3*n - 4*h - 48 = -k*n, 4*h + 36 = 4*n. List the prime factors of n.
2, 3
Suppose -g = 2*r - 97, 4*r - 8*g + 3*g = 173. Suppose -3*j + r + 19 = 0. List the prime factors of j.
2, 11
Let d = 6 + -6. Let f(j) = j**3 + j + 2. Let k be f(d). Suppose -k*p - 2*q = -5*p + 42, -3*q = -p + 7. List the prime factors of p.
2
Let p(s) = 2*s - 3. What are the prime factors of p(17)?
31
Let m(n) = n**3 - n**2 - 62. Let j be m(0). Let a be 1/(-1) + j/(-1). List the prime factors of a/6 + (-7)/42.
2, 5
Let q(r) = -r**3 - 4*r**2 - 15*r - 9. What are the prime factors of q(-6)?
3, 17
Let a = -2 - -1. Let n(r) = -7*r + 1. List the prime factors of n(a).
2
Let v = 18 + -19. List the prime factors of v/((-1 - -2)/(